f 31519526?
3
What is the hundred thousands digit of 162635?
1
What is the thousands digit of 4531503?
1
What is the thousands digit of 622952?
2
What is the tens digit of 496854?
5
What is the hundreds digit of 4035676?
6
What is the units digit of 660221?
1
What is the tens digit of 796077?
7
What is the hundreds digit of 729402?
4
What is the millions digit of 30239865?
0
What is the ten thousands digit of 191188?
9
What is the hundred thousands digit of 2933806?
9
What is the tens digit of 115827?
2
What is the hundred thousands digit of 209285?
2
What is the hundreds digit of 61038?
0
What is the ten thousands digit of 1995436?
9
What is the thousands digit of 204545?
4
What is the ten thousands digit of 37865?
3
What is the ten thousands digit of 2123097?
2
What is the units digit of 6225083?
3
What is the thousands digit of 517557?
7
What is the ten thousands digit of 224158?
2
What is the thousands digit of 632533?
2
What is the hundred thousands digit of 3311455?
3
What is the tens digit of 6112526?
2
What is the hundred thousands digit of 311139?
3
What is the hundreds digit of 545713?
7
What is the units digit of 158777?
7
What is the units digit of 1242269?
9
What is the ten thousands digit of 158184?
5
What is the tens digit of 6252758?
5
What is the hundreds digit of 166660?
6
What is the units digit of 234089?
9
What is the ten thousands digit of 15278469?
7
What is the hundreds digit of 327625?
6
What is the ten thousands digit of 24280113?
8
What is the tens digit of 19082997?
9
What is the units digit of 1004639?
9
What is the tens digit of 1522293?
9
What is the tens digit of 335628?
2
What is the tens digit of 6442712?
1
What is the hundred thousands digit of 626549?
6
What is the thousands digit of 1946245?
6
What is the hundred thousands digit of 185822?
1
What is the hundreds digit of 568119?
1
What is the ten millions digit of 12379386?
1
What is the hundred thousands digit of 2303772?
3
What is the hundreds digit of 3951479?
4
What is the hundred thousands digit of 396223?
3
What is the millions digit of 7666707?
7
What is the thousands digit of 536995?
6
What is the units digit of 3092889?
9
What is the tens digit of 3285160?
6
What is the ten millions digit of 21878387?
2
What is the thousands digit of 301514?
1
What is the hundreds digit of 35269?
2
What is the hundred thousands digit of 1183969?
1
What is the hundreds digit of 2107887?
8
What is the tens digit of 464623?
2
What is the hundreds digit of 370497?
4
What is the units digit of 2087740?
0
What is the tens digit of 174689?
8
What is the hundred thousands digit of 21998006?
9
What is the hundreds digit of 3134695?
6
What is the ten thousands digit of 515904?
1
What is the units digit of 243299?
9
What is the hundreds digit of 6703229?
2
What is the thousands digit of 4543531?
3
What is the thousands digit of 25353?
5
What is the millions digit of 2178871?
2
What is the thousands digit of 160007?
0
What is the hundreds digit of 1302826?
8
What is the hundreds digit of 10343430?
4
What is the thousands digit of 543361?
3
What is the hundred thousands digit of 984076?
9
What is the hundreds digit of 115237?
2
What is the units digit of 597001?
1
What is the thousands digit of 4116986?
6
What is the ten thousands digit of 1245089?
4
What is the hundred thousands digit of 146871?
1
What is the hundreds digit of 33215874?
8
What is the ten thousands digit of 2031067?
3
What is the units digit of 9467903?
3
What is the hundred thousands digit of 1232372?
2
What is the ten thousands digit of 2420752?
2
What is the hundreds digit of 364189?
1
What is the thousands digit of 281649?
1
What is the tens digit of 874157?
5
What is the ten thousands digit of 2805069?
0
What is the hundreds digit of 7850852?
8
What is the tens digit of 4937682?
8
What is the ten thousands digit of 22142?
2
What is the hundreds digit of 359561?
5
What is the ten thousands digit of 6030027?
3
What is the millions digit of 7586198?
7
What is the thousands digit of 1938162?
8
What is the units digit of 1575099?
9
What is the hundred thousands digit of 769982?
7
What is the ten thousands digit of 3236762?
3
What is the thousands digit of 529072?
9
What is the units digit of 1190093?
3
What is the hundred thousands digit of 14376745?
3
What is the ten thousands digit of 550087?
5
What is the hundred thousands digit of 1037581?
0
What is the thousands digit of 5671328?
1
What is the hundred thousands digit of 10134648?
1
What is the thousands digit of 854823?
4
What is the units digit of 242472?
2
What is the thousands digit of 41194?
1
What is the ten millions digit of 37337489?
3
What is the thousands digit of 2550408?
0
What is the thousands digit of 1811472?
1
What is the hundreds digit of 2611502?
5
What is the millions digit of 1507528?
1
What is the hundred thousands digit of 28396916?
3
What is the millions digit of 21684285?
1
What is the ten thousands digit of 2030765?
3
What is the thousands digit of 48301?
8
What is the tens digit of 302220?
2
What is the thousands digit of 286507?
6
What is the units digit of 802979?
9
What is the units digit of 3855531?
1
What is the hundreds digit of 1862740?
7
What is the thousands digit of 277013?
7
What is the thousands digit of 3178230?
8
What is the hundred thousands digit of 381330?
3
What is the hundreds digit of 3151960?
9
What is the units digit of 981854?
4
What is the tens digit of 164989?
8
What is the units digit of 55471?
1
What is the hundreds digit of 901509?
5
What is the ten thousands digit of 15929430?
2
What is the ten thousands digit of 293410?
9
What is the hundred thousands digit of 119410?
1
What is the hundred thousands digit of 628621?
6
What is the thousands digit of 621761?
1
What is the ten thousands digit of 97640?
9
What is the thousands digit of 1355429?
5
What is the hundred thousands digit of 3358220?
3
What is the hundred thousands digit of 2303890?
3
What is the hundreds digit of 169408?
4
What is the ten thousands digit of 160863?
6
What is the thousands digit of 30057191?
7
What is the hundred thousands digit of 3589106?
5
What is the hundred thousands digit of 271503?
2
What is the millions digit of 2577000?
2
What is the ten thousands digit of 569292?
6
What is the ten thousands digit of 1291608?
9
What is the tens digit of 1885335?
3
What is the hundred thousands digit of 246582?
2
What is the tens digit of 778466?
6
What is the hundred thousands digit of 14721925?
7
What is the ten thousands digit of 9706741?
0
What is the units digit of 332567?
7
What is the hundreds digit of 292805?
8
What is the ten thousands digit of 2114853?
1
What is the millions digit of 2213390?
2
What is the millions digit of 1703726?
1
What is the ten thousands digit of 657910?
5
What is the ten thousands digit of 17617418?
1
What is the hundreds digit of 338417?
4
What is the ten thousands digit of 2606916?
0
What is the hundreds digit of 13977506?
5
What is the thousands digit of 7331212?
1
What is the thousands digit of 12171668?
1
What is the tens digit of 314857?
5
What is the hundreds digit of 301349?
3
What is the ten thousands digit of 6431258?
3
What is the thousands digit of 125445?
5
What is the tens digit of 505506?
0
What is the units digit of 2535031?
1
What is the ten thousands digit of 96520?
9
What is the thousands digit of 190966?
0
What is the units digit of 2296394?
4
What is the tens digit of 1497619?
1
What is the millions digit of 2314741?
2
What is the units digit of 14898301?
1
What is the hundreds digit of 11998217?
2
What is the tens digit of 69161?
6
What is the millions digit of 13450973?
3
What is the tens digit of 3587391?
9
What is the millions digit of 1795623?
1
What is the tens digit of 1997459?
5
What is the hundred thousands digit of 3623701?
6
What is the tens digit of 6936?
3
What is the ten thousands digit of 551759?
5
What is the thousands digit of 517412?
7
What is the ten thousands digit of 4508015?
0
What is the units digit of 125956?
6
What is the hundreds digit of 4336175?
1
What is the ten thousands digit of 387302?
8
What is the ten thousands digit of 480468?
8
What is the tens digit of 4809933?
3
What is the tens digit of 36470?
7
What is the thousands digit of 902277?
2
What 